{"id":26284,"date":"2026-01-10T12:50:21","date_gmt":"2026-01-10T12:50:21","guid":{"rendered":"https:\/\/camping-marlice.com\/dev\/?page_id=26284"},"modified":"2026-01-25T14:52:36","modified_gmt":"2026-01-25T14:52:36","slug":"conditions-generales-de-vente","status":"publish","type":"page","link":"https:\/\/camping-marlice.com\/dev\/conditions-generales-de-vente\/","title":{"rendered":"Condition g\u00e9n\u00e9rales de vente"},"content":{"rendered":"\t\t<div data-elementor-type=\"wp-page\" data-elementor-id=\"26284\" class=\"elementor elementor-26284\" data-elementor-post-type=\"page\">\n\t\t\t\t<div class=\"elementor-element elementor-element-28e187c thegem-e-con-layout-thegem e-flex e-con-boxed e-con e-parent\" data-id=\"28e187c\" data-element_type=\"container\" data-e-type=\"container\" data-settings=\"{&quot;thegem_container_layout&quot;:&quot;thegem&quot;}\">\r\n\t\t\t\t\t<div class=\"e-con-inner\">\r\n\t\t\t\t<div class=\"elementor-element elementor-element-51a5b68 flex-horizontal-align-default flex-horizontal-align-tablet-default flex-horizontal-align-mobile-default flex-vertical-align-default flex-vertical-align-tablet-default flex-vertical-align-mobile-default elementor-widget elementor-widget-thegem-template-post-breadcrumbs\" data-id=\"51a5b68\" data-element_type=\"widget\" data-e-type=\"widget\" data-widget_type=\"thegem-template-post-breadcrumbs.default\">\n\t\t\t\t<div class=\"elementor-widget-container\">\n\t\t\t\t\t<div class=\"thegem-te-post-breadcrumbs\"> <div class=\"post-breadcrumbs\"><ul><li><a href=\"https:\/\/camping-marlice.com\/dev\/\">Accueil<\/a><\/li><\/ul><!-- .breadcrumbs --><\/div> <\/div>\t\t\t\t<\/div>\n\t\t\t\t<\/div>\n\t\t\t\t\t<\/div>\n\t\t\t\t<\/div>\n\t\t<div class=\"elementor-element elementor-element-ceec66b thegem-e-con-layout-thegem e-flex e-con-boxed e-con e-parent\" data-id=\"ceec66b\" data-element_type=\"container\" data-e-type=\"container\" data-settings=\"{&quot;background_background&quot;:&quot;classic&quot;,&quot;thegem_container_layout&quot;:&quot;thegem&quot;}\">\r\n\t\t\t\t\t<div class=\"e-con-inner\">\r\n\t\t\t\t<div class=\"elementor-element elementor-element-86ffb1d flex-horizontal-align-default flex-horizontal-align-tablet-default flex-horizontal-align-mobile-default flex-vertical-align-default flex-vertical-align-tablet-default flex-vertical-align-mobile-default elementor-widget elementor-widget-elementskit-heading\" data-id=\"86ffb1d\" data-element_type=\"widget\" data-e-type=\"widget\" data-widget_type=\"elementskit-heading.default\">\n\t\t\t\t\t<div class=\"ekit-wid-con\" ><div class=\"ekit-heading elementskit-section-title-wraper text_left   ekit_heading_tablet-text_center   ekit_heading_mobile-text_center\"><h1 class=\"ekit-heading--title elementskit-section-title \">Nos conditions g\u00e9n\u00e9rales de vente (r\u00e9servations &amp; r\u00e8glement int\u00e9rieur)<\/h1><\/div><\/div>\t\t\t\t<\/div>\n\t\t\t\t\t<\/div>\n\t\t\t\t<\/div>\n\t\t<div class=\"elementor-element elementor-element-b288392 thegem-e-con-layout-thegem e-flex e-con-boxed e-con e-parent\" data-id=\"b288392\" data-element_type=\"container\" data-e-type=\"container\" data-settings=\"{&quot;thegem_container_layout&quot;:&quot;thegem&quot;}\">\r\n\t\t\t\t\t<div class=\"e-con-inner\">\r\n\t\t<div class=\"elementor-element elementor-element-cfd88b8 e-con-full thegem-e-con-layout-thegem e-flex e-con e-child\" data-id=\"cfd88b8\" data-element_type=\"container\" data-e-type=\"container\" data-settings=\"{&quot;thegem_container_layout&quot;:&quot;thegem&quot;}\">\r\n\t\t\t\t<div class=\"elementor-element elementor-element-845b7c9 elementor-widget__width-initial flex-horizontal-align-default flex-horizontal-align-tablet-default flex-horizontal-align-mobile-default flex-vertical-align-default flex-vertical-align-tablet-default flex-vertical-align-mobile-default elementor-widget elementor-widget-text-editor\" data-id=\"845b7c9\" data-element_type=\"widget\" data-e-type=\"widget\" data-widget_type=\"text-editor.default\">\n\t\t\t\t\t\t\t\t\t\t\t\t<div class=\"elementor-text-editor elementor-clearfix\">\r\n\t\t\t\t\t\t<p>Le Camping Marlice reste \u00e0 votre disposition pour toutes questions concernant nos Conditions g\u00e9n\u00e9rales de r\u00e9servations ou le r\u00e8glement du camping.<\/p>\n<p>Vous pouvez nous contacter par t\u00e9l\u00e9phone au 04.79.61.44.74 ou par notre <a href=\"http:\/\/www.camping-marlice.com\/dev\/contact\">formulaire de contact<\/a>.<\/p>\t\t\t\t\t\t\t<\/div>\r\n\t\t\t\t\t\t\t\t\t\t<\/div>\n\t\t\t\t<\/div>\n\t\t\t\t\t<\/div>\n\t\t\t\t<\/div>\n\t\t<div class=\"elementor-element elementor-element-67e99fa thegem-e-con-layout-thegem e-flex e-con-boxed e-con e-parent\" data-id=\"67e99fa\" data-element_type=\"container\" data-e-type=\"container\" data-settings=\"{&quot;thegem_container_layout&quot;:&quot;thegem&quot;}\">\r\n\t\t\t\t\t<div class=\"e-con-inner\">\r\n\t\t\t\t<div class=\"elementor-element elementor-element-36e0e1a elementor-widget__width-initial flex-horizontal-align-default flex-horizontal-align-tablet-default flex-horizontal-align-mobile-default flex-vertical-align-default flex-vertical-align-tablet-default flex-vertical-align-mobile-default elementor-widget elementor-widget-thegem-accordion\" data-id=\"36e0e1a\" data-element_type=\"widget\" data-e-type=\"widget\" data-settings=\"{&quot;thegem_elementor_preset&quot;:&quot;classic&quot;,&quot;title_position&quot;:&quot;left&quot;}\" data-widget_type=\"thegem-accordion.default\">\n\t\t\t\t<div class=\"elementor-widget-container\">\n\t\t\t\t\t\n\t\t<div class=\"gem-tta-container\" data-vc-action=\"collapse\">\n\t\t\t<div class=\"gem-tta-general gem-tta gem-tta-accordion gem-tta-color-thegem gem-tta-style-classic gem-tta-shape-rounded gem-tta-o-shape-group gem-tta-controls-align-left\">\n\t\t\t\t<div class=\"gem-tta-panels-container\">\n\t\t\t\t\t<div class=\"gem-tta-panels\">\n\t\t\t\t\t\t\n\t\t\t\t\t\t\t<div id=\"section-36e0e1a-1\" class=\"gem-tta-panel gem-tta-active\" data-vc-content=\".gem-tta-panel-body\">\n\t\t\t\t\t\t\t\t<div class=\"gem-tta-panel-heading\">\n\t\t\t\t\t\t\t\t\t<h4 class=\"gem-tta-panel-title gem-tta-controls-icon-position-left\">\n\t\t\t\t\t\t\t\t\t\t<a href=\"#section-36e0e1a-1\" data-vc-accordion data-vc-container=\".gem-tta-container\">\n\n\t\t\t\t\t\t\t\t\t\t\t\n\t\t\t\t\t\t\t\t\t\t\t<span class=\"gem-tta-title-text\">\n\t\t\t\t\t\t\t\t\t\t\t\tLes mobil-homes\t\t\t\t\t\t\t\t\t\t\t<\/span>\n\n\t\t\t\t\t\t\t\t\t\t\t\n\t\t\t\t\t\t\t\t\t\t\t<span class=\"gem-tta-controls-icon gem-tta-controls-icon-opened\">\n\t\t\t\t\t\t\t\t\t\t\t\t<i aria-hidden=\"true\" class=\"tgh-icon chevron-right\"><\/i>\t\t\t\t\t\t\t\t\t\t\t<\/span>\n\t\t\t\t\t\t\t\t\t\t\t<span class=\"gem-tta-controls-icon gem-tta-controls-icon-closed\">\n\t\t\t\t\t\t\t\t\t\t\t\t<i aria-hidden=\"true\" class=\"gem-elegant icon-plus\"><\/i>\t\t\t\t\t\t\t\t\t\t\t<\/span>\n\t\t\t\t\t\t\t\t\t\t<\/a>\n\t\t\t\t\t\t\t\t\t<\/h4>\n\t\t\t\t\t\t\t\t<\/div>\n\t\t\t\t\t\t\t\t<div class=\"gem-tta-panel-body\">\n\t\t\t\t\t\t\t\t\t\t\t<div class=\"gem-text-output\"><p><strong>Arriv\u00e9e &amp; D\u00e9parts :<\/strong> Horaires modulables si besoin (Contacter le camping marlice)<\/p><p><strong>Annulation :<\/strong> pr\u00e9voir une assurance par le biais de votre carte bleue avec laquelle vous effectuerez votre r\u00e9servation. Le camping vous propose autrement une assurance \u00e0 38\u20ac70. L\u2019 assurance annulation concerne uniquement les Mobil-Homes.<\/p><p><strong>Acompte :<\/strong> 200\u20ac<\/p><p><strong>Le solde :<\/strong> Le r\u00e8glement d\u00e9finitif de votre s\u00e9jour devra \u00eatre r\u00e9gl\u00e9 sur place le jour de votre arriv\u00e9e<\/p><p><strong>Nos amis les animaux :<\/strong> ils devront \u00eatre tenus en laisse. Leurs pr\u00e9sences sera factur\u00e9e 2\u20ac60 \/ jours<\/p><p><strong>L\u2019\u00e9tat des lieux :<\/strong> un \u00e9tat des lieux sera fait le jour de votre arriv\u00e9e au camping<\/p><p><strong>Caution Mobil-Home :<\/strong> 300\u20ac pour les longs s\u00e9jours<\/p><p><strong>Options m\u00e9nages sur demande :<\/strong> Contacter le camping marlice<\/p><\/div>\t\t\t\t\t\t\t\t\t\t<\/div>\n\t\t\t\t\t\t\t\t\t<\/div>\n\t\t\t\t\t\t\n\t\t\t\t\t\t\t<div id=\"section-36e0e1a-2\" class=\"gem-tta-panel \" data-vc-content=\".gem-tta-panel-body\">\n\t\t\t\t\t\t\t\t<div class=\"gem-tta-panel-heading\">\n\t\t\t\t\t\t\t\t\t<h4 class=\"gem-tta-panel-title gem-tta-controls-icon-position-left\">\n\t\t\t\t\t\t\t\t\t\t<a href=\"#section-36e0e1a-2\" data-vc-accordion data-vc-container=\".gem-tta-container\">\n\n\t\t\t\t\t\t\t\t\t\t\t\n\t\t\t\t\t\t\t\t\t\t\t<span class=\"gem-tta-title-text\">\n\t\t\t\t\t\t\t\t\t\t\t\tLes caravanes\t\t\t\t\t\t\t\t\t\t\t<\/span>\n\n\t\t\t\t\t\t\t\t\t\t\t\n\t\t\t\t\t\t\t\t\t\t\t<span class=\"gem-tta-controls-icon gem-tta-controls-icon-opened\">\n\t\t\t\t\t\t\t\t\t\t\t\t<i aria-hidden=\"true\" class=\"tgh-icon chevron-right\"><\/i>\t\t\t\t\t\t\t\t\t\t\t<\/span>\n\t\t\t\t\t\t\t\t\t\t\t<span class=\"gem-tta-controls-icon gem-tta-controls-icon-closed\">\n\t\t\t\t\t\t\t\t\t\t\t\t<i aria-hidden=\"true\" class=\"gem-elegant icon-plus\"><\/i>\t\t\t\t\t\t\t\t\t\t\t<\/span>\n\t\t\t\t\t\t\t\t\t\t<\/a>\n\t\t\t\t\t\t\t\t\t<\/h4>\n\t\t\t\t\t\t\t\t<\/div>\n\t\t\t\t\t\t\t\t<div class=\"gem-tta-panel-body\">\n\t\t\t\t\t\t\t\t\t\t\t<div class=\"gem-text-output\"><p><strong>R\u00e9servation s\u00e9jour de 3 semaines :<\/strong> 50\u20ac d\u2019acompte<br \/><strong>R\u00e9servation s\u00e9jour de 3 jours :<\/strong> 15\u20ac d\u2019acompte<\/p><\/div>\t\t\t\t\t\t\t\t\t\t<\/div>\n\t\t\t\t\t\t\t\t\t<\/div>\n\t\t\t\t\t\t\n\t\t\t\t\t\t\t<div id=\"section-36e0e1a-3\" class=\"gem-tta-panel \" data-vc-content=\".gem-tta-panel-body\">\n\t\t\t\t\t\t\t\t<div class=\"gem-tta-panel-heading\">\n\t\t\t\t\t\t\t\t\t<h4 class=\"gem-tta-panel-title gem-tta-controls-icon-position-left\">\n\t\t\t\t\t\t\t\t\t\t<a href=\"#section-36e0e1a-3\" data-vc-accordion data-vc-container=\".gem-tta-container\">\n\n\t\t\t\t\t\t\t\t\t\t\t\n\t\t\t\t\t\t\t\t\t\t\t<span class=\"gem-tta-title-text\">\n\t\t\t\t\t\t\t\t\t\t\t\tLes tentes\t\t\t\t\t\t\t\t\t\t\t<\/span>\n\n\t\t\t\t\t\t\t\t\t\t\t\n\t\t\t\t\t\t\t\t\t\t\t<span class=\"gem-tta-controls-icon gem-tta-controls-icon-opened\">\n\t\t\t\t\t\t\t\t\t\t\t\t<i aria-hidden=\"true\" class=\"tgh-icon chevron-right\"><\/i>\t\t\t\t\t\t\t\t\t\t\t<\/span>\n\t\t\t\t\t\t\t\t\t\t\t<span class=\"gem-tta-controls-icon gem-tta-controls-icon-closed\">\n\t\t\t\t\t\t\t\t\t\t\t\t<i aria-hidden=\"true\" class=\"gem-elegant icon-plus\"><\/i>\t\t\t\t\t\t\t\t\t\t\t<\/span>\n\t\t\t\t\t\t\t\t\t\t<\/a>\n\t\t\t\t\t\t\t\t\t<\/h4>\n\t\t\t\t\t\t\t\t<\/div>\n\t\t\t\t\t\t\t\t<div class=\"gem-tta-panel-body\">\n\t\t\t\t\t\t\t\t\t\t\t<div class=\"gem-text-output\"><p><strong>R\u00e9servation s\u00e9jour minimum 8 jours :<\/strong> 50\u20ac d\u2019acompte<\/p><p><strong>R\u00e9servation s\u00e9jour de 3 jours :<\/strong> 15\u20ac d\u2019acompte<\/p><\/div>\t\t\t\t\t\t\t\t\t\t<\/div>\n\t\t\t\t\t\t\t\t\t<\/div>\n\t\t\t\t\t\t\n\t\t\t\t\t\t\t<div id=\"section-36e0e1a-4\" class=\"gem-tta-panel \" data-vc-content=\".gem-tta-panel-body\">\n\t\t\t\t\t\t\t\t<div class=\"gem-tta-panel-heading\">\n\t\t\t\t\t\t\t\t\t<h4 class=\"gem-tta-panel-title gem-tta-controls-icon-position-left\">\n\t\t\t\t\t\t\t\t\t\t<a href=\"#section-36e0e1a-4\" data-vc-accordion data-vc-container=\".gem-tta-container\">\n\n\t\t\t\t\t\t\t\t\t\t\t\n\t\t\t\t\t\t\t\t\t\t\t<span class=\"gem-tta-title-text\">\n\t\t\t\t\t\t\t\t\t\t\t\tExtrait du R\u00e8glement Int\u00e9rieur\t\t\t\t\t\t\t\t\t\t\t<\/span>\n\n\t\t\t\t\t\t\t\t\t\t\t\n\t\t\t\t\t\t\t\t\t\t\t<span class=\"gem-tta-controls-icon gem-tta-controls-icon-opened\">\n\t\t\t\t\t\t\t\t\t\t\t\t<i aria-hidden=\"true\" class=\"tgh-icon chevron-right\"><\/i>\t\t\t\t\t\t\t\t\t\t\t<\/span>\n\t\t\t\t\t\t\t\t\t\t\t<span class=\"gem-tta-controls-icon gem-tta-controls-icon-closed\">\n\t\t\t\t\t\t\t\t\t\t\t\t<i aria-hidden=\"true\" class=\"gem-elegant icon-plus\"><\/i>\t\t\t\t\t\t\t\t\t\t\t<\/span>\n\t\t\t\t\t\t\t\t\t\t<\/a>\n\t\t\t\t\t\t\t\t\t<\/h4>\n\t\t\t\t\t\t\t\t<\/div>\n\t\t\t\t\t\t\t\t<div class=\"gem-tta-panel-body\">\n\t\t\t\t\t\t\t\t\t\t\t<div class=\"gem-text-output\"><p><strong>Article 1 :<\/strong><br \/>Conditions d\u2019admission : Pour \u00eatre admis \u00e0 p\u00e9n\u00e9trer, \u00e0 s\u2019installer, et s\u00e9journer dans le camping, il faut y avoir \u00e9t\u00e9 autoris\u00e9 par le gestionnaire ou son repr\u00e9sentant. Ainsi qu\u2019au respect du r\u00e8glement.<\/p><p><strong>Article 2 :<\/strong><br \/>Formalit\u00e9s de police : Toute personne devant s\u00e9journer au moins une nuit sur le camping doit au pr\u00e9alable pr\u00e9senter au gestionnaire ou son repr\u00e9sentant ses pi\u00e8ces d\u2019identit\u00e9 et remplir les formalit\u00e9s exig\u00e9es par la police. Les mineurs non accompagn\u00e9s de leurs parents ne seront admis qu\u2019avec une autorisation \u00e9crite de ceux-ci.<\/p><p><strong>Article 3 :<\/strong><br \/>Bureau d\u2019accueil : Ouvert de 9h00 \u00e0 12h30 et 14h30 \u00e0 20h30<br \/>On trouvera au bureau d\u2019accueil tous les renseignements sur les services du camping, les informations sur les possibilit\u00e9s de ravitaillement, les installations sportives, les richesses touristiques des environs et diverses adresses qui peuvent s\u2019av\u00e9rer utiles.<\/p><p><strong>Article 4 :<\/strong><br \/>Bruit et silence : Le respect des autres.<br \/>Les usagers du camping sont instamment pri\u00e9s d\u2019\u00e9viter tous bruits et discussions qui pourraient g\u00eaner leurs voisins .Les appareils sonores doivent \u00eatre r\u00e9gl\u00e9s en cons\u00e9quence. Les fermetures de porti\u00e8res et de coffres doivent \u00eatre aussi discr\u00e8tes que possible.<br \/>Pas de bruit sur le camping de 23h00 \u00e0 7h00.<\/p><p><strong>Article 5 :<\/strong><br \/>Les animaux : Les animaux sont payant et sont \u00e0 d\u00e9clarer d\u00e8s votre arriv\u00e9. Les chiens et autres animaux ne doivent pas \u00eatre laiss\u00e9s en libert\u00e9.<\/p><p><strong>Article 6 :<\/strong><br \/>Visiteurs : Apr\u00e8s avoir \u00e9t\u00e9 autoris\u00e9s par le gestionnaire ou son repr\u00e9sentant, les visiteurs peuvent \u00eatre admis dans le camping sous la responsabilit\u00e9 des campeurs qui les re\u00e7oivent. Une redevance peut vous \u00eatre demand\u00e9e (cette redevance fait l\u2019objet d\u2019un affichage \u00e0 l\u2019entr\u00e9e du camping). Les voitures des visiteurs sont interdites dans le camping.<\/p><p><strong>Article 7 :<\/strong><br \/>Circulation et stationnement des v\u00e9hicules : A l\u2019int\u00e9rieur du camping, les v\u00e9hicules doivent rouler \u00e0 une vitesse limite de 10 Km\/h. La circulation est interdite entre 23h00 et 7h00 sauf autorisation du gestionnaire ou de son repr\u00e9sentant.<\/p><p><strong>Article 8 :<\/strong><br \/>S\u00e9curit\u00e9 : Les feux ouverts (bois, charbon, etc..) sont rigoureusement interdit sauf autorisation du gestionnaire ou de son repr\u00e9sentant. Les barbecues \u00e9lectriques doivent \u00eatre maintenus en bon \u00e9tat de fonctionnement et ne pas \u00eatres utilis\u00e9s dans des conditions dangereuses.<br \/>En cas d\u2019incendie aviser imm\u00e9diatement la direction. Les extincteurs sont utilisables en cas de n\u00e9cessit\u00e9. Une trousse de secours de premi\u00e8re urgence se trouve \u00e0 l\u2019accueil.<\/p><p><strong>Article 9 :<\/strong><br \/>Infraction au r\u00e8glement int\u00e9rieur : Dans le cas o\u00f9 un r\u00e9sidant perturberait le s\u00e9jour des autres usagers o\u00f9 ne respecterait pas le r\u00e8glement int\u00e9rieur, le gestionnaire ou son repr\u00e9sentant pourra r\u00e9silier le contrat de celui-ci sur le champ et sans remboursement.<\/p><p><strong>Article 10 :<\/strong><br \/>R\u00e8glement du s\u00e9jour : Le r\u00e8glement du s\u00e9jour se fait d\u00e8s votre arriv\u00e9 selon votre r\u00e9servation. Conform\u00e9ment \u00e0 l\u2019article 1590 du Code Civil, relatif aux arrhes, la Direction, par respect du client, se r\u00e9serve le droit de reporter les arrhes en cas d\u2019annulation ou d\u2019un d\u00e9sistement, sur ceux \u00e0 valoir sur un prochain s\u00e9jour dans l\u2019\u00e9tablissement. Le s\u00e9jour doit \u00eatre effectu\u00e9 dans les douze mois suivant. Les arrhes ne sont pas rembours\u00e9es.<\/p><p><span style=\"text-decoration: underline;\"><strong>Rappel : Les enfants devront toujours \u00eatres sous la surveillance de leurs parents.<\/strong><\/span><\/p><\/div>\t\t\t\t\t\t\t\t\t\t<\/div>\n\t\t\t\t\t\t\t\t\t<\/div>\n\t\t\t\t\t\t\n\t\t\t\t\t\t\t\t\t\t\t<\/div>\n\t\t\t\t<\/div>\n\t\t\t<\/div>\n\t\t<\/div>\n\n\t\t\t\t\t\t<\/div>\n\t\t\t\t<\/div>\n\t\t\t\t\t<\/div>\n\t\t\t\t<\/div>\n\t\t\t\t<\/div>\n\t\t","protected":false},"excerpt":{"rendered":"<p>Accueil Nos conditions g\u00e9n\u00e9rales de vente (r\u00e9servations &amp; r\u00e8glement int\u00e9rieur) Le Camping Marlice reste \u00e0 votre disposition pour toutes questions&#8230;<\/p>\n","protected":false},"author":1,"featured_media":0,"parent":0,"menu_order":0,"comment_status":"closed","ping_status":"closed","template":"page-fullwidth.php","meta":{"_acf_changed":false,"footnotes":""},"class_list":["post-26284","page","type-page","status-publish"],"acf":[],"yoast_head":"<!-- This site is optimized with the Yoast SEO plugin v27.1.1 - https:\/\/yoast.com\/product\/yoast-seo-wordpress\/ -->\n<title>Les conditions g\u00e9n\u00e9rales de vente du camping 3 \u00e9toiles<\/title>\n<meta name=\"description\" content=\"Nos conditions g\u00e9n\u00e9rales de vente du camping Marlice, proche d&#039;Aix les Bains. Toutes les informations sur votre h\u00e9bergement et votre r\u00e9servation au camping.\" \/>\n<meta name=\"robots\" content=\"noindex, follow, max-snippet:-1, max-image-preview:large, max-video-preview:-1\" \/>\n<meta property=\"og:locale\" content=\"fr_FR\" \/>\n<meta property=\"og:type\" content=\"article\" \/>\n<meta property=\"og:title\" content=\"Les conditions g\u00e9n\u00e9rales de vente du camping 3 \u00e9toiles\" \/>\n<meta property=\"og:description\" content=\"Nos conditions g\u00e9n\u00e9rales de vente du camping Marlice, proche d&#039;Aix les Bains. Toutes les informations sur votre h\u00e9bergement et votre r\u00e9servation au camping.\" \/>\n<meta property=\"og:url\" content=\"https:\/\/camping-marlice.com\/dev\/conditions-generales-de-vente\/\" \/>\n<meta property=\"og:site_name\" content=\"camping marlice 3 \u00e9toiles\" \/>\n<meta property=\"article:modified_time\" content=\"2026-01-25T14:52:36+00:00\" \/>\n<meta property=\"og:image\" content=\"https:\/\/camping-marlice.com\/dev\/wp-content\/uploads\/2026\/01\/sliderev1.jpg\" \/>\n\t<meta property=\"og:image:width\" content=\"1920\" \/>\n\t<meta property=\"og:image:height\" content=\"599\" \/>\n\t<meta property=\"og:image:type\" content=\"image\/jpeg\" \/>\n<meta name=\"twitter:card\" content=\"summary_large_image\" \/>\n<meta name=\"twitter:label1\" content=\"Dur\u00e9e de lecture estim\u00e9e\" \/>\n\t<meta name=\"twitter:data1\" content=\"4 minutes\" \/>\n<script type=\"application\/ld+json\" class=\"yoast-schema-graph\">{\"@context\":\"https:\/\/schema.org\",\"@graph\":[{\"@type\":\"WebPage\",\"@id\":\"https:\/\/camping-marlice.com\/dev\/conditions-generales-de-vente\/\",\"url\":\"https:\/\/camping-marlice.com\/dev\/conditions-generales-de-vente\/\",\"name\":\"Les conditions g\u00e9n\u00e9rales de vente du camping 3 \u00e9toiles\",\"isPartOf\":{\"@id\":\"https:\/\/camping-marlice.com\/dev\/#website\"},\"datePublished\":\"2026-01-10T12:50:21+00:00\",\"dateModified\":\"2026-01-25T14:52:36+00:00\",\"description\":\"Nos conditions g\u00e9n\u00e9rales de vente du camping Marlice, proche d'Aix les Bains. Toutes les informations sur votre h\u00e9bergement et votre r\u00e9servation au camping.\",\"breadcrumb\":{\"@id\":\"https:\/\/camping-marlice.com\/dev\/conditions-generales-de-vente\/#breadcrumb\"},\"inLanguage\":\"fr-FR\",\"potentialAction\":[{\"@type\":\"ReadAction\",\"target\":[\"https:\/\/camping-marlice.com\/dev\/conditions-generales-de-vente\/\"]}]},{\"@type\":\"BreadcrumbList\",\"@id\":\"https:\/\/camping-marlice.com\/dev\/conditions-generales-de-vente\/#breadcrumb\",\"itemListElement\":[{\"@type\":\"ListItem\",\"position\":1,\"name\":\"Accueil\",\"item\":\"https:\/\/camping-marlice.com\/dev\/\"},{\"@type\":\"ListItem\",\"position\":2,\"name\":\"Condition g\u00e9n\u00e9rales de vente\"}]},{\"@type\":\"WebSite\",\"@id\":\"https:\/\/camping-marlice.com\/dev\/#website\",\"url\":\"https:\/\/camping-marlice.com\/dev\/\",\"name\":\"camping marlice 3 \u00e9toiles\",\"description\":\"camping 3 \u00e9toiles et mobil-home sur aix les bains\",\"publisher\":{\"@id\":\"https:\/\/camping-marlice.com\/dev\/#organization\"},\"alternateName\":\"Camping Marlice\",\"potentialAction\":[{\"@type\":\"SearchAction\",\"target\":{\"@type\":\"EntryPoint\",\"urlTemplate\":\"https:\/\/camping-marlice.com\/dev\/?s={search_term_string}\"},\"query-input\":{\"@type\":\"PropertyValueSpecification\",\"valueRequired\":true,\"valueName\":\"search_term_string\"}}],\"inLanguage\":\"fr-FR\"},{\"@type\":\"Organization\",\"@id\":\"https:\/\/camping-marlice.com\/dev\/#organization\",\"name\":\"SARL Camping Marlice\",\"alternateName\":\"Camping Marlice\",\"url\":\"https:\/\/camping-marlice.com\/dev\/\",\"logo\":{\"@type\":\"ImageObject\",\"inLanguage\":\"fr-FR\",\"@id\":\"https:\/\/camping-marlice.com\/dev\/#\/schema\/logo\/image\/\",\"url\":\"https:\/\/camping-marlice.com\/dev\/wp-content\/uploads\/2026\/01\/camping-marlice-header-logo2026.png\",\"contentUrl\":\"https:\/\/camping-marlice.com\/dev\/wp-content\/uploads\/2026\/01\/camping-marlice-header-logo2026.png\",\"width\":1440,\"height\":740,\"caption\":\"SARL Camping Marlice\"},\"image\":{\"@id\":\"https:\/\/camping-marlice.com\/dev\/#\/schema\/logo\/image\/\"}}]}<\/script>\n<!-- \/ Yoast SEO plugin. -->","yoast_head_json":{"title":"Les conditions g\u00e9n\u00e9rales de vente du camping 3 \u00e9toiles","description":"Nos conditions g\u00e9n\u00e9rales de vente du camping Marlice, proche d'Aix les Bains. Toutes les informations sur votre h\u00e9bergement et votre r\u00e9servation au camping.","robots":{"index":"noindex","follow":"follow","max-snippet":"max-snippet:-1","max-image-preview":"max-image-preview:large","max-video-preview":"max-video-preview:-1"},"og_locale":"fr_FR","og_type":"article","og_title":"Les conditions g\u00e9n\u00e9rales de vente du camping 3 \u00e9toiles","og_description":"Nos conditions g\u00e9n\u00e9rales de vente du camping Marlice, proche d'Aix les Bains. Toutes les informations sur votre h\u00e9bergement et votre r\u00e9servation au camping.","og_url":"https:\/\/camping-marlice.com\/dev\/conditions-generales-de-vente\/","og_site_name":"camping marlice 3 \u00e9toiles","article_modified_time":"2026-01-25T14:52:36+00:00","og_image":[{"width":1920,"height":599,"url":"https:\/\/camping-marlice.com\/dev\/wp-content\/uploads\/2026\/01\/sliderev1.jpg","type":"image\/jpeg"}],"twitter_card":"summary_large_image","twitter_misc":{"Dur\u00e9e de lecture estim\u00e9e":"4 minutes"},"schema":{"@context":"https:\/\/schema.org","@graph":[{"@type":"WebPage","@id":"https:\/\/camping-marlice.com\/dev\/conditions-generales-de-vente\/","url":"https:\/\/camping-marlice.com\/dev\/conditions-generales-de-vente\/","name":"Les conditions g\u00e9n\u00e9rales de vente du camping 3 \u00e9toiles","isPartOf":{"@id":"https:\/\/camping-marlice.com\/dev\/#website"},"datePublished":"2026-01-10T12:50:21+00:00","dateModified":"2026-01-25T14:52:36+00:00","description":"Nos conditions g\u00e9n\u00e9rales de vente du camping Marlice, proche d'Aix les Bains. Toutes les informations sur votre h\u00e9bergement et votre r\u00e9servation au camping.","breadcrumb":{"@id":"https:\/\/camping-marlice.com\/dev\/conditions-generales-de-vente\/#breadcrumb"},"inLanguage":"fr-FR","potentialAction":[{"@type":"ReadAction","target":["https:\/\/camping-marlice.com\/dev\/conditions-generales-de-vente\/"]}]},{"@type":"BreadcrumbList","@id":"https:\/\/camping-marlice.com\/dev\/conditions-generales-de-vente\/#breadcrumb","itemListElement":[{"@type":"ListItem","position":1,"name":"Accueil","item":"https:\/\/camping-marlice.com\/dev\/"},{"@type":"ListItem","position":2,"name":"Condition g\u00e9n\u00e9rales de vente"}]},{"@type":"WebSite","@id":"https:\/\/camping-marlice.com\/dev\/#website","url":"https:\/\/camping-marlice.com\/dev\/","name":"camping marlice 3 \u00e9toiles","description":"camping 3 \u00e9toiles et mobil-home sur aix les bains","publisher":{"@id":"https:\/\/camping-marlice.com\/dev\/#organization"},"alternateName":"Camping Marlice","potentialAction":[{"@type":"SearchAction","target":{"@type":"EntryPoint","urlTemplate":"https:\/\/camping-marlice.com\/dev\/?s={search_term_string}"},"query-input":{"@type":"PropertyValueSpecification","valueRequired":true,"valueName":"search_term_string"}}],"inLanguage":"fr-FR"},{"@type":"Organization","@id":"https:\/\/camping-marlice.com\/dev\/#organization","name":"SARL Camping Marlice","alternateName":"Camping Marlice","url":"https:\/\/camping-marlice.com\/dev\/","logo":{"@type":"ImageObject","inLanguage":"fr-FR","@id":"https:\/\/camping-marlice.com\/dev\/#\/schema\/logo\/image\/","url":"https:\/\/camping-marlice.com\/dev\/wp-content\/uploads\/2026\/01\/camping-marlice-header-logo2026.png","contentUrl":"https:\/\/camping-marlice.com\/dev\/wp-content\/uploads\/2026\/01\/camping-marlice-header-logo2026.png","width":1440,"height":740,"caption":"SARL Camping Marlice"},"image":{"@id":"https:\/\/camping-marlice.com\/dev\/#\/schema\/logo\/image\/"}}]}},"_links":{"self":[{"href":"https:\/\/camping-marlice.com\/dev\/wp-json\/wp\/v2\/pages\/26284","targetHints":{"allow":["GET"]}}],"collection":[{"href":"https:\/\/camping-marlice.com\/dev\/wp-json\/wp\/v2\/pages"}],"about":[{"href":"https:\/\/camping-marlice.com\/dev\/wp-json\/wp\/v2\/types\/page"}],"author":[{"embeddable":true,"href":"https:\/\/camping-marlice.com\/dev\/wp-json\/wp\/v2\/users\/1"}],"replies":[{"embeddable":true,"href":"https:\/\/camping-marlice.com\/dev\/wp-json\/wp\/v2\/comments?post=26284"}],"version-history":[{"count":2,"href":"https:\/\/camping-marlice.com\/dev\/wp-json\/wp\/v2\/pages\/26284\/revisions"}],"predecessor-version":[{"id":26343,"href":"https:\/\/camping-marlice.com\/dev\/wp-json\/wp\/v2\/pages\/26284\/revisions\/26343"}],"wp:attachment":[{"href":"https:\/\/camping-marlice.com\/dev\/wp-json\/wp\/v2\/media?parent=26284"}],"curies":[{"name":"wp","href":"https:\/\/api.w.org\/{rel}","templated":true}]}}